 remainder when b(8) is divided by 15?
1
Let c(f) = 5*f - 27. Let d be c(13). Let x = 25 - d. Let g = 24 + x. What is the remainder when 20 is divided by g?
9
What is the remainder when 79 is divided by (-2)/(-6) + 265/15?
7
Suppose -4*h = 3*u - 73, 14*h - 75 = -3*u + 11*h. Suppose 2*m - 18 = -0*k - 2*k, -3*k + 12 = -2*m. Calculate the remainder when u is divided by k.
3
Calculate the remainder when 21/(-84) + 933/4 is divided by 47.
45
Let q be 4/(-22) + 90/11. Suppose q = 3*r - r. Suppose r*y + 0*y - 248 = 0. Calculate the remainder when y is divided by 16.
14
What is the remainder when ((-44)/(-8))/((-8)/(-112)) is divided by 13?
12
Let u(q) = -172*q - 2. Let r be u(-1). Calculate the remainder when 44 is divided by (-6 - 0)*(r/4)/(-17).
14
Let y(d) = -d**2 + 19*d - 21. Suppose -5*s + 0*s = -60. Calculate the remainder when y(s) is divided by 16.
15
Let o(u) = -u**3 + 13*u**2 - 33*u + 20. Calculate the remainder when o(7) is divided by 28.
27
Let j(r) = -r**3 + 21*r**2 + 5*r - 56. What is the remainder when 242 is divided by j(21)?
46
Let q = 182 - 121. Let y = 0 - 0. Suppose 5*r + 2*c - q - 46 = y, -3*r + c + 62 = 0. Calculate the remainder when r is divided by 8.
5
Let u(k) = -4*k - 26. What is the remainder when u(-51) is divided by 17?
8
Let m(x) = -x**2 - x + 27. Let l(q) = 81*q - 2810. Calculate the remainder when l(37) is divided by m(0).
25
Suppose 2*o - 399 = -5*o. Calculate the remainder when 227 is divided by o.
56
Calculate the remainder when (-21)/(-3) - (-1 - -2 - 72) is divided by 44.
34
Suppose 235 - 51 = 2*i. Let o = 140 + -162. Calculate the remainder when i is divided by (21 + o)/((0 + -2)/62).
30
Let d(h) be the second derivative of -h**5/20 + 7*h**4/12 + h**3/6 + 3*h**2 - 15*h + 1. Calculate the remainder when 36 is divided by d(7).
10
Suppose -v = 9*v + 10*v - 320. Suppose -3 = 3*h, 3*u + 2*h - 7 = -0*u. Calculate the remainder when v is divided by u.
1
Let x = 29 - 6. Suppose -2*o + 3 - 9 = 0. Let l(f) = -2*f + 2. What is the remainder when x is divided by l(o)?
7
Let n = -74 - -131. Suppose -3*t + x - n = -5*t, 2*t - 54 = -2*x. What is the remainder when t is divided by 18?
12
Suppose -2*y = -4*d - 246, -5*y - 6*d = -7*d - 588. Calculate the remainder when 227 is divided by y.
110
Suppose -2*u + 23 = -2*t - 9, -5*u + 2*t + 65 = 0. Let n(m) = m + 36. Calculate the remainder when n(u) is divided by 17.
13
Suppose -3*d + 4*f = -32, -4*d + 2*d + 29 = 5*f. Let v be (40/6)/((-2)/(-6)). Let y = v + d. What is the remainder when 62 is divided by y?
30
Suppose -4*j = 3 + 5. Let l be (-1)/2*0/j. Suppose 6*z - z - 140 = l. Calculate the remainder when z is divided by 15.
13
Suppose -2*b + 3*l = -84, -2*b + 2*l = l - 76. Suppose 29 + b = 5*q. Calculate the remainder when 22 is divided by q.
9
Let i(u) = -32*u - 1. Let a(s) = -s**2 - 8*s - 4. Suppose 13 = -b + 7. Calculate the remainder when i(-1) is divided by a(b).
7
Let y = 17 + -12. Suppose y*r - 96 + 6 = 0. Let j = 51 + 19. What is the remainder when j is divided by r?
16
What is the remainder when (-1 + -3)*(-57)/6 is divided by 19?
0
Suppose 370 - 670 = -2*i. Calculate the remainder when i is divided by 22.
18
Suppose 0 = -5*u - 10. Let n be 6 - 6 - 1*u. What is the remainder when 8 is divided by 8/(-10)*(-15)/n?
2
Suppose 0 = -4*b - 3*c - 2*c + 5, 0 = -b + 2*c - 2. Suppose -22 = -4*l + 2*z, 0 = -5*l - 5*z + 50 - b. What is the remainder when 34 is divided by l?
6
Suppose o - 18 = 7*o. What is the remainder when (-44)/(-6)*(-18)/o is divided by 16?
12
Suppose 3*v = 5*l - 37, 15*l = 16*l + 5*v - 13. Let z = 65 - 36. Calculate the remainder when z is divided by l.
5
Let v(i) = i**2 + 10*i - 11. Let b be v(10). What is the remainder when 42/b + ((-878)/(-18))/1 is divided by 10?
9
Let x be (20/4)/(3/9). Calculate the remainder when 12/(-3)*-1 + x is divided by 7.
5
Let x(z) = 7*z**2 - 3*z + 3. Suppose 3*k - 95 = 5*n + 137, 3*k - 224 = n. What is the remainder when k is divided by x(2)?
24
Let r = 68 - 55. Let z(n) be the second derivative of n**3/2 + 5*n**2/2 + n. What is the remainder when z(6) is divided by r?
10
Suppose 5*o + 0*y - 54 = -y, 3*y + 38 = 5*o. Let r(m) = -3*m + 1. Let w be r(1). What is the remainder when o is divided by (-705)/(-120) - w/16?
4
Let k = 174 + -151. What is the remainder when 63 is divided by k?
17
Suppose m = 2*j + 26, 4*m - 13 = 5*j + 103. What is the remainder when 76 is divided by m?
8
Suppose 5*t + 2 = 4*t. Calculate the remainder when 19 is divided by 52/(-39)*15/t.
9
Let g be (-2)/4 + 2015/26. Let k = g + -29. Calculate the remainder when k is divided by 10.
8
Suppose s - 975 = -24*s. What is the remainder when s is divided by 31?
8
Let z = -266 + 269. Calculate the remainder when 87 is divided by z.
0
Suppose 0 = 2*h + n - 427, 2*h + 3 = 3*n + 418. Suppose -5*l + h + 73 = 0. What is the remainder when l is divided by 15?
12
Let m(d) = -13*d - 6. Calculate the remainder when 250 is divided by m(-3).
19
Suppose 4*x - 31 = 93. Let m(l) = l**3 + 7*l**2 + 3*l + 5. Let h be m(-7). Calculate the remainder when x is divided by ((-3)/5)/(12/h)*20.
15
Let b(j) = j**3 + 3*j**2 - 4*j - 2. Let t be b(-4). Let o(y) = -7*y**3 + y**2 + 4. What is the remainder when o(t) is divided by 13?
12
Suppose 2*j = x + 6, 5*x + 0*x - 40 = -4*j. Suppose 8*l - 297 = j*l. Calculate the remainder when l is divided by 20.
19
Suppose 92 = -0*a + 4*a. Let c(n) = -6*n**3 - 2*n**2 - 5*n - 5. Calculate the remainder when c(-2) is divided by a.
22
Suppose 12*k = 206 + 178. Calculate the remainder when k is divided by 15.
2
Suppose 3*r = -3*v + 36, -4*r + 3*v = v - 78. Suppose -2*g + r = k, -g = 2*g. Calculate the remainder when 64 is divided by k.
13
Let z = 5 - 5. Suppose z = 2*b - 6*b + 600. Suppose 0*p - 5*p + b = 0. What is the remainder when p is divided by 11?
8
Suppose 4*p = 2*j + 14, -4*j + 8 = p - 9. Suppose -4*r - p*m = -92, r = -m + 20 + 2. Let y = 41 - r. Calculate the remainder when 66 is divided by y.
20
Suppose -10*m + 20 = -6*m. Suppose -2*s + 5*s = -5*z + 59, 0 = -m*s + 3*z + 155. Let a = s - 27. Calculate the remainder when 4 is divided by a.
0
Suppose w = 2*b - w - 2, 4*b + 3 = -3*w. Suppose b = -10*c - 3*c + 1027. What is the remainder when c is divided by 42?
37
Let h = -272 + 336. Calculate the remainder when 318 is divided by h.
62
Suppose 169*s + 72 = 177*s. Calculate the remainder when 16 is divided by s.
7
Let v(s) = -s**3 - 8*s**2 - 17*s - 1. Suppose 2*r = 2*c + 24 + 12, 0 = r - 2*c - 13. What is the remainder when r is divided by v(-5)?
5
Let x be 20*8/60*6. Let d(m) = -m**2 + 47. Let v be d(0). Suppose 3*n = v + x. What is the remainder when n is divided by 8?
5
Let q be 49/(-10 + 4 + 5). Let y = 52 + q. Let l = -2 + 9. Calculate the remainder when l is divided by y.
1
Let i = 1848 - 1417. Calculate the remainder when i is divided by 27.
26
Suppose 35 = 5*i - 45. Suppose -p + 35 + 11 = 0. What is the remainder when p is divided by i?
14
Calculate the remainder when (-3)/6 + (29055/(-10))/(-13) is divided by 33.
25
Suppose -2*n - 21 = -5*n. Suppose 5*d - 72 = 3*b - 7*b, -b - 4*d = -n. Let f(h) = 2*h**2 + 5*h + 3. What is the remainder when f(-6) is divided by b?
22
Suppose -6 + 4 = -w. Suppose -430 = -5*p + 5*y, w*p - 2*y + 320 = 6*p. What is the remainder when p is divided by 17?
14
Suppose -5*y + 296 = -2*u, -5*y - 5*u = -2*u - 281. Let r = 213 - y. Suppose -3*w = -8*w + r. What is the remainder when w is divided by 17?
14
Let g(i) = -63 - 69 - 8*i + i**2 + 121. Calculate the remainder when g(10) is divided by 7.
2
Let g(j) = j + 10. Let k be g(-10). Suppose -3*s - 89 - 1 = k. Let v = -16 - s. What is the remainder when 40 is divided by v?
12
Calculate the remainder when (-10)/2*(-3009)/85 is divided by 36.
33
Let y(w) = 24*w + 1. Let v(n) = -47*n - 2. Let c(j) = -4*v(j) - 7*y(j). Let q = 1 - 0. Calculate the remainder when c(q) is divided by 11.
10
Let k be (65 + (2 - 3))*-1. Let z be (-1)/(60/k + 1). Let d = 32 + z. What is the remainder when 60 is divided by d?
12
Let m(n) = -2*n**2 + 3*n**2 - 2*n**2 + 4. Let u be m(0). What is the remainder when 39 is divided by u/(-18) - 256/(-18)?
11
Let t(k) = 4*k + 72. Let o be t(-17). Suppose -o*z - 16 = -12*z. Suppose -2*y + 4 = -0*y. What is the remainder when y is divided by z?
0
Let p = 5 - 43.